{"id":1152,"date":"2025-02-18T16:05:27","date_gmt":"2025-02-18T15:05:27","guid":{"rendered":"https:\/\/www.campings-treport.com\/camping-letreport\/emplacements-camping-du-parc-international-du-golf-le-treport-normandie-2\/"},"modified":"2026-03-27T14:37:35","modified_gmt":"2026-03-27T13:37:35","slug":"mentions-legales-camping-du-parc-international-du-golf-le-treport-normandie","status":"publish","type":"page","link":"https:\/\/www.campings-treport.com\/camping-letreport\/mentions-legales-camping-du-parc-international-du-golf-le-treport-normandie\/","title":{"rendered":"Mentions l\u00e9gales"},"content":{"rendered":"\t\t<div data-elementor-type=\"wp-page\" data-elementor-id=\"1152\" class=\"elementor elementor-1152\" data-elementor-post-type=\"page\">\n\t\t\t\t<div class=\"elementor-element elementor-element-2a2309a0 e-con-full e-flex wpr-particle-no wpr-jarallax-no wpr-parallax-no wpr-sticky-section-no wpr-equal-height-no e-con e-parent\" data-id=\"2a2309a0\" data-element_type=\"container\" data-e-type=\"container\" data-settings=\"{&quot;background_background&quot;:&quot;slideshow&quot;,&quot;background_slideshow_gallery&quot;:[{&quot;id&quot;:685,&quot;url&quot;:&quot;https:\\\/\\\/www.campings-treport.com\\\/camping-letreport\\\/wp-content\\\/uploads\\\/2025\\\/03\\\/slider2.png&quot;}],&quot;background_slideshow_slide_duration&quot;:5000,&quot;background_slideshow_slide_transition&quot;:&quot;fade&quot;,&quot;background_slideshow_transition_duration&quot;:500}\">\n\t\t<div class=\"elementor-element elementor-element-5b5546d6 e-con-full animated-slow e-flex wpr-particle-no wpr-jarallax-no wpr-parallax-no wpr-sticky-section-no wpr-equal-height-no elementor-invisible e-con e-child\" data-id=\"5b5546d6\" data-element_type=\"container\" data-e-type=\"container\" data-settings=\"{&quot;background_background&quot;:&quot;classic&quot;,&quot;animation&quot;:&quot;fadeInRight&quot;}\">\n\t\t\t\t<div class=\"elementor-element elementor-element-f84aff2 elementor-widget elementor-widget-heading\" data-id=\"f84aff2\" data-element_type=\"widget\" data-e-type=\"widget\" data-widget_type=\"heading.default\">\n\t\t\t\t<div class=\"elementor-widget-container\">\n\t\t\t\t\t<h2 class=\"elementor-heading-title elementor-size-default\">Les mentions l\u00e9gales<\/h2>\t\t\t\t<\/div>\n\t\t\t\t<\/div>\n\t\t\t\t<\/div>\n\t\t\t\t<\/div>\n\t\t\t\t<section class=\"elementor-section elementor-top-section elementor-element elementor-element-4004af08 elementor-section-boxed elementor-section-height-default elementor-section-height-default wpr-particle-no wpr-jarallax-no wpr-parallax-no wpr-sticky-section-no wpr-equal-height-no\" data-id=\"4004af08\" data-element_type=\"section\" data-e-type=\"section\" data-settings=\"{&quot;background_background&quot;:&quot;classic&quot;}\">\n\t\t\t\t\t\t<div class=\"elementor-container elementor-column-gap-no\">\n\t\t\t\t\t<div class=\"elementor-column elementor-col-100 elementor-top-column elementor-element elementor-element-57b6440a\" data-id=\"57b6440a\" data-element_type=\"column\" data-e-type=\"column\">\n\t\t\t<div class=\"elementor-widget-wrap elementor-element-populated\">\n\t\t\t\t\t\t<div class=\"elementor-element elementor-element-4512507f elementor-widget elementor-widget-spacer\" data-id=\"4512507f\" data-element_type=\"widget\" data-e-type=\"widget\" data-widget_type=\"spacer.default\">\n\t\t\t\t<div class=\"elementor-widget-container\">\n\t\t\t\t\t\t\t<div class=\"elementor-spacer\">\n\t\t\t<div class=\"elementor-spacer-inner\"><\/div>\n\t\t<\/div>\n\t\t\t\t\t\t<\/div>\n\t\t\t\t<\/div>\n\t\t\t\t<div class=\"elementor-element elementor-element-2697aee6 elementor-widget elementor-widget-heading\" data-id=\"2697aee6\" data-element_type=\"widget\" data-e-type=\"widget\" data-widget_type=\"heading.default\">\n\t\t\t\t<div class=\"elementor-widget-container\">\n\t\t\t\t\t<h2 class=\"elementor-heading-title elementor-size-default\">LE CAMPING DU PARC INTERNATIONAL DU GOLF<\/h2>\t\t\t\t<\/div>\n\t\t\t\t<\/div>\n\t\t\t\t<div class=\"elementor-element elementor-element-4804b527 elementor-widget-divider--view-line elementor-widget elementor-widget-divider\" data-id=\"4804b527\" data-element_type=\"widget\" data-e-type=\"widget\" data-widget_type=\"divider.default\">\n\t\t\t\t<div class=\"elementor-widget-container\">\n\t\t\t\t\t\t\t<div class=\"elementor-divider\">\n\t\t\t<span class=\"elementor-divider-separator\">\n\t\t\t\t\t\t<\/span>\n\t\t<\/div>\n\t\t\t\t\t\t<\/div>\n\t\t\t\t<\/div>\n\t\t\t\t<div class=\"elementor-element elementor-element-4286e583 elementor-widget elementor-widget-text-editor\" data-id=\"4286e583\" data-element_type=\"widget\" data-e-type=\"widget\" data-widget_type=\"text-editor.default\">\n\t\t\t\t<div class=\"elementor-widget-container\">\n\t\t\t\t\t\t\t\t\t<p>L\u2019ensemble de ce site est soumis \u00e0 la r\u00e9glementation fran\u00e7aise et communautaire.<br \/>Tous les contenus publi\u00e9s sur ce site internet sont la propri\u00e9t\u00e9 exclusive du <strong>Camping du Parc International du Golf<\/strong>.<\/p>\t\t\t\t\t\t\t\t<\/div>\n\t\t\t\t<\/div>\n\t\t\t\t<section class=\"elementor-section elementor-inner-section elementor-element elementor-element-2d71d454 elementor-section-content-middle elementor-section-boxed elementor-section-height-default elementor-section-height-default wpr-particle-no wpr-jarallax-no wpr-parallax-no wpr-sticky-section-no wpr-equal-height-no\" data-id=\"2d71d454\" data-element_type=\"section\" data-e-type=\"section\">\n\t\t\t\t\t\t<div class=\"elementor-container elementor-column-gap-no\">\n\t\t\t\t\t<div class=\"elementor-column elementor-col-66 elementor-inner-column elementor-element elementor-element-25306f3c\" data-id=\"25306f3c\" data-element_type=\"column\" data-e-type=\"column\">\n\t\t\t<div class=\"elementor-widget-wrap elementor-element-populated\">\n\t\t\t\t\t\t<div class=\"elementor-element elementor-element-41fdb189 elementor-widget elementor-widget-image\" data-id=\"41fdb189\" data-element_type=\"widget\" data-e-type=\"widget\" data-widget_type=\"image.default\">\n\t\t\t\t<div class=\"elementor-widget-container\">\n\t\t\t\t\t\t\t\t\t\t\t\t\t\t\t<img fetchpriority=\"high\" decoding=\"async\" width=\"800\" height=\"419\" src=\"https:\/\/www.campings-treport.com\/camping-letreport\/wp-content\/uploads\/2025\/03\/mentions-legales-site-internet-e1635433309681-1200x628-1-1024x536.jpeg\" class=\"attachment-large size-large wp-image-1154\" alt=\"\" srcset=\"https:\/\/www.campings-treport.com\/camping-letreport\/wp-content\/uploads\/2025\/03\/mentions-legales-site-internet-e1635433309681-1200x628-1-1024x536.jpeg 1024w, https:\/\/www.campings-treport.com\/camping-letreport\/wp-content\/uploads\/2025\/03\/mentions-legales-site-internet-e1635433309681-1200x628-1-300x157.jpeg 300w, https:\/\/www.campings-treport.com\/camping-letreport\/wp-content\/uploads\/2025\/03\/mentions-legales-site-internet-e1635433309681-1200x628-1-768x402.jpeg 768w, https:\/\/www.campings-treport.com\/camping-letreport\/wp-content\/uploads\/2025\/03\/mentions-legales-site-internet-e1635433309681-1200x628-1.jpeg 1200w\" sizes=\"(max-width: 800px) 100vw, 800px\" \/>\t\t\t\t\t\t\t\t\t\t\t\t\t\t\t<\/div>\n\t\t\t\t<\/div>\n\t\t\t\t\t<\/div>\n\t\t<\/div>\n\t\t\t\t<div class=\"elementor-column elementor-col-33 elementor-inner-column elementor-element elementor-element-1b514e50\" data-id=\"1b514e50\" data-element_type=\"column\" data-e-type=\"column\" data-settings=\"{&quot;background_background&quot;:&quot;classic&quot;}\">\n\t\t\t<div class=\"elementor-widget-wrap elementor-element-populated\">\n\t\t\t\t\t\t<div class=\"elementor-element elementor-element-489b73ff elementor-widget elementor-widget-heading\" data-id=\"489b73ff\" data-element_type=\"widget\" data-e-type=\"widget\" data-widget_type=\"heading.default\">\n\t\t\t\t<div class=\"elementor-widget-container\">\n\t\t\t\t\t<h2 class=\"elementor-heading-title elementor-size-default\">Mentions L\u00e9gales<\/h2>\t\t\t\t<\/div>\n\t\t\t\t<\/div>\n\t\t\t\t<div class=\"elementor-element elementor-element-4f7bdc9a elementor-widget-divider--view-line elementor-widget elementor-widget-divider\" data-id=\"4f7bdc9a\" data-element_type=\"widget\" data-e-type=\"widget\" data-widget_type=\"divider.default\">\n\t\t\t\t<div class=\"elementor-widget-container\">\n\t\t\t\t\t\t\t<div class=\"elementor-divider\">\n\t\t\t<span class=\"elementor-divider-separator\">\n\t\t\t\t\t\t<\/span>\n\t\t<\/div>\n\t\t\t\t\t\t<\/div>\n\t\t\t\t<\/div>\n\t\t\t\t<div class=\"elementor-element elementor-element-5dcb1e13 elementor-widget elementor-widget-text-editor\" data-id=\"5dcb1e13\" data-element_type=\"widget\" data-e-type=\"widget\" data-widget_type=\"text-editor.default\">\n\t\t\t\t<div class=\"elementor-widget-container\">\n\t\t\t\t\t\t\t\t\t<p><strong>Camping du Parc International du Golf<\/strong>\u00a0<\/p><p><strong>Adresse :<\/strong> 102 route de Dieppe 76470 Le Tr\u00e9port<br \/><strong>Repr\u00e9sentant l\u00e9gal :<\/strong> David Liard, Michel Liard, Philippe Liard<br \/><strong>Directeur de la Publication :<\/strong> Monsieur Gauvain Liard<br \/><strong>T\u00e9l\u00e9phone :<\/strong> + <strong>33 (0)2 27 28 01 50<\/strong><br \/><strong>Adresse Internet :<\/strong> https:\/\/www.campings-treport.com<br \/><strong>Capital social :<\/strong> 130 050,00 \u20ac<br \/><strong>Enregistr\u00e9e \u00e0 l\u2019INSEE<\/strong> le 30-09-1984<br \/><strong>Immatricul\u00e9e au RCS<\/strong> le 01-01-2000<br \/><strong>RCS<\/strong> : Dieppe B 330\u00a0676\u00a0685<br \/><strong>SIRET<\/strong> :\u00a0 33067668500010<br \/><strong>SIREN<\/strong> :\u00a0 330 676 685<br \/><strong>APE \u2013 NAF<\/strong> :\u00a0 H\u00f4tels et h\u00e9bergement similaire (5510Z)<\/p><p><b>Editeur :<br \/><\/b><strong>Camping du Parc International du Golf<\/strong><br \/>102 route de Dieppe 76470 Le Tr\u00e9port<\/p><p><b>DPO\u00a0<\/b>: Gauvain Liard<\/p><p><strong>Cr\u00e9ateur web &amp; h\u00e9bergeur :<br \/><\/strong>MW Communication<br \/>Muriel Watbled<br \/>76260 Eu<br \/><a href=\"https:\/\/www.muriel-watbled.com\" target=\"_blank\" rel=\"noopener\">www.muriel-watbled.com<\/a><\/p><p>Cr\u00e9dit Photo : <strong>Camping du Parc International du Golf<\/strong>\u00a0et <strong>Envato Elements<\/strong> sous licence.<\/p><p>L\u2019utilisateur du site Internet reconna\u00eet dispos\u00e9 de la comp\u00e9tence et des moyens n\u00e9cessaires pour acc\u00e9der et utiliser ce site.<br \/>Il reconna\u00eet \u00e9galement avoir pris connaissance de la pr\u00e9sente notice l\u00e9gale et s\u2019engage \u00e0 la respecter.<br \/>L\u2019utilisateur dispose d\u2019un droit d\u2019acc\u00e8s, de modification, de rectification et suppression des donn\u00e9es qui le concernent<em>\u00a0(article 34 de la loi \u00a0\u00bb Informatique et Libert\u00e9s \u00ab\u00a0).<\/em><br \/>Pour l\u2019exercer, l\u2019utilisateur peut s\u2019adresser aupr\u00e8s du Directeur de la publication vis\u00e9 si haut.<br \/>Toute repr\u00e9sentation totale ou partielle de ce site, par quelque proc\u00e9d\u00e9 que ce soit, sans l\u2019autorisation expresse de l\u2019exploitant du site Internet est interdite et constituerait une contrefa\u00e7on sanctionn\u00e9e par les <em>articles L 335-2 et suivants du Code de la propri\u00e9t\u00e9 intellectuelle.<\/em><br \/>Il en est de m\u00eame des \u00e9ventuelles bases de donn\u00e9es figurant sur le site Internet qui sont prot\u00e9g\u00e9es par les dispositions de\u00a0<em>la loi du 11 juillet 1998 portant transposition dans le Code de la propri\u00e9t\u00e9 intellectuelle (CPI)<\/em>\u00a0de la directive europ\u00e9enne\u00a0<em>du 11 mars 1996 relative \u00e0 la protection juridique des bases de donn\u00e9es.<\/em><\/p><p>Les informations qui figurent sur ce site n\u2019ont aucun caract\u00e8re contractuel et ne sauraient engager la responsabilit\u00e9 du <strong>Camping du Parc International du Golf<\/strong>\u00a0qui reste libre, \u00e0 tout moment d\u2019enrichir, modifier, corriger ou supprimer tout ou partie du contenu et des pr\u00e9sentations des pages de son site.<\/p><p>Malgr\u00e9 tous les soins apport\u00e9s pour la constitution et la mise \u00e0 jour de ce site, des erreurs, inexactitudes ou omissions peuvent subsister ainsi que des probl\u00e8mes de connexion au site ou d\u2019interruption dans la connexion. <strong>Le Camping du Parc International du Golf<\/strong>\u00a0d\u00e9cline toute responsabilit\u00e9 quant aux dommages directs ou indirects qui pourraient en r\u00e9sulter.<\/p><p>Les informations qui vous seront donn\u00e9es en magasins pr\u00e9valent sur les informations pr\u00e9sentes sur ce site.<\/p>\t\t\t\t\t\t\t\t<\/div>\n\t\t\t\t<\/div>\n\t\t\t\t\t<\/div>\n\t\t<\/div>\n\t\t\t\t\t<\/div>\n\t\t<\/section>\n\t\t\t\t\t<\/div>\n\t\t<\/div>\n\t\t\t\t\t<\/div>\n\t\t<\/section>\n\t\t\t\t<\/div>\n\t\t","protected":false},"excerpt":{"rendered":"<p>Les mentions l\u00e9gales LE CAMPING DU PARC INTERNATIONAL DU GOLF L\u2019ensemble de ce site est soumis \u00e0 la r\u00e9glementation fran\u00e7aise et communautaire.Tous les contenus publi\u00e9s sur ce site internet sont la propri\u00e9t\u00e9 exclusive du Camping du Parc International du Golf. Mentions L\u00e9gales Camping du Parc International du Golf\u00a0 Adresse : 102 route de Dieppe 76470 Le Tr\u00e9portRepr\u00e9sentant l\u00e9gal : David Liard, Michel Liard, Philippe LiardDirecteur de la Publication : Monsieur Gauvain LiardT\u00e9l\u00e9phone : + 33 (0)2 27 28 01 50Adresse Internet : https:\/\/www.campings-treport.comCapital social : 130 050,00 \u20acEnregistr\u00e9e \u00e0 l\u2019INSEE le 30-09-1984Immatricul\u00e9e au RCS le 01-01-2000RCS : Dieppe B 330\u00a0676\u00a0685SIRET :\u00a0 33067668500010SIREN :\u00a0 330 676 685APE \u2013 NAF :\u00a0 H\u00f4tels et h\u00e9bergement similaire (5510Z) Editeur :Camping du Parc International du Golf102 route de Dieppe 76470 Le Tr\u00e9port DPO\u00a0: Gauvain Liard Cr\u00e9ateur web &amp; h\u00e9bergeur :MW CommunicationMuriel Watbled76260 Euwww.muriel-watbled.com Cr\u00e9dit Photo : Camping du Parc International du Golf\u00a0et Envato Elements sous licence. L\u2019utilisateur du site Internet reconna\u00eet dispos\u00e9 de la comp\u00e9tence et des moyens n\u00e9cessaires pour acc\u00e9der et utiliser ce site.Il reconna\u00eet \u00e9galement avoir pris connaissance de la pr\u00e9sente notice l\u00e9gale et s\u2019engage \u00e0 la respecter.L\u2019utilisateur dispose d\u2019un droit d\u2019acc\u00e8s, de modification, de rectification et suppression des donn\u00e9es qui le concernent\u00a0(article 34 de la loi \u00a0\u00bb Informatique et Libert\u00e9s \u00ab\u00a0).Pour l\u2019exercer, l\u2019utilisateur peut s\u2019adresser aupr\u00e8s du Directeur de la publication vis\u00e9 si haut.Toute repr\u00e9sentation totale ou partielle de ce site, par quelque proc\u00e9d\u00e9 que ce soit, sans l\u2019autorisation expresse de l\u2019exploitant du site Internet est interdite et constituerait une contrefa\u00e7on sanctionn\u00e9e par les articles L 335-2 et suivants du Code de la propri\u00e9t\u00e9 intellectuelle.Il en est de m\u00eame des \u00e9ventuelles bases de donn\u00e9es figurant sur le site Internet qui sont prot\u00e9g\u00e9es par les dispositions de\u00a0la loi du 11 juillet 1998 portant transposition dans le Code de la propri\u00e9t\u00e9 intellectuelle (CPI)\u00a0de la directive europ\u00e9enne\u00a0du 11 mars 1996 relative \u00e0 la protection juridique des bases de donn\u00e9es. Les informations qui figurent sur ce site n\u2019ont aucun caract\u00e8re contractuel et ne sauraient engager la responsabilit\u00e9 du Camping du Parc International du Golf\u00a0qui reste libre, \u00e0 tout moment d\u2019enrichir, modifier, corriger ou supprimer tout ou partie du contenu et des pr\u00e9sentations des pages de son site. Malgr\u00e9 tous les soins apport\u00e9s pour la constitution et la mise \u00e0 jour de ce site, des erreurs, inexactitudes ou omissions peuvent subsister ainsi que des probl\u00e8mes de connexion au site ou d\u2019interruption dans la connexion. Le Camping du Parc International du Golf\u00a0d\u00e9cline toute responsabilit\u00e9 quant aux dommages directs ou indirects qui pourraient en r\u00e9sulter. Les informations qui vous seront donn\u00e9es en magasins pr\u00e9valent sur les informations pr\u00e9sentes sur ce site.<\/p>\n","protected":false},"author":1,"featured_media":0,"parent":0,"menu_order":11,"comment_status":"closed","ping_status":"closed","template":"elementor_header_footer","meta":{"footnotes":""},"class_list":["post-1152","page","type-page","status-publish","hentry"],"aioseo_notices":[],"_links":{"self":[{"href":"https:\/\/www.campings-treport.com\/camping-letreport\/wp-json\/wp\/v2\/pages\/1152","targetHints":{"allow":["GET"]}}],"collection":[{"href":"https:\/\/www.campings-treport.com\/camping-letreport\/wp-json\/wp\/v2\/pages"}],"about":[{"href":"https:\/\/www.campings-treport.com\/camping-letreport\/wp-json\/wp\/v2\/types\/page"}],"author":[{"embeddable":true,"href":"https:\/\/www.campings-treport.com\/camping-letreport\/wp-json\/wp\/v2\/users\/1"}],"replies":[{"embeddable":true,"href":"https:\/\/www.campings-treport.com\/camping-letreport\/wp-json\/wp\/v2\/comments?post=1152"}],"version-history":[{"count":13,"href":"https:\/\/www.campings-treport.com\/camping-letreport\/wp-json\/wp\/v2\/pages\/1152\/revisions"}],"predecessor-version":[{"id":1171,"href":"https:\/\/www.campings-treport.com\/camping-letreport\/wp-json\/wp\/v2\/pages\/1152\/revisions\/1171"}],"wp:attachment":[{"href":"https:\/\/www.campings-treport.com\/camping-letreport\/wp-json\/wp\/v2\/media?parent=1152"}],"curies":[{"name":"wp","href":"https:\/\/api.w.org\/{rel}","templated":true}]}}